{"id":3587,"date":"2024-03-11T12:12:39","date_gmt":"2024-03-11T15:12:39","guid":{"rendered":"https:\/\/www.bastianadvogados.com.br\/bas\/?page_id=3587"},"modified":"2024-03-11T17:00:37","modified_gmt":"2024-03-11T20:00:37","slug":"francisco-kaschny-bastian","status":"publish","type":"page","link":"https:\/\/www.bastianadvogados.com.br\/bas\/francisco-kaschny-bastian\/","title":{"rendered":"Francisco Kaschny Bastian"},"content":{"rendered":"\t\t<div data-elementor-type=\"wp-page\" data-elementor-id=\"3587\" class=\"elementor elementor-3587\" data-elementor-post-type=\"page\">\n\t\t\t\t\t\t<section class=\"elementor-section elementor-top-section elementor-element elementor-element-562608ac elementor-section-boxed elementor-section-height-default elementor-section-height-default\" data-id=\"562608ac\" data-element_type=\"section\">\n\t\t\t\t\t\t<div class=\"elementor-container elementor-column-gap-default\">\n\t\t\t\t\t<div class=\"elementor-column elementor-col-50 elementor-top-column elementor-element elementor-element-6eaf32c5\" data-id=\"6eaf32c5\" data-element_type=\"column\">\n\t\t\t<div class=\"elementor-widget-wrap elementor-element-populated\">\n\t\t\t\t\t\t<div class=\"elementor-element elementor-element-daddb22 elementor-widget elementor-widget-image\" data-id=\"daddb22\" data-element_type=\"widget\" data-widget_type=\"image.default\">\n\t\t\t\t<div class=\"elementor-widget-container\">\n\t\t\t\t\t\t\t\t\t\t\t\t\t<img fetchpriority=\"high\" decoding=\"async\" width=\"800\" height=\"1200\" src=\"https:\/\/www.bastianadvogados.com.br\/bas\/wp-content\/uploads\/2024\/03\/GrupoByte_BASTIAN_FEV24-172-FRANCISCO-edit-800x1200.jpg\" class=\"attachment-large size-large wp-image-3623\" alt=\"\" srcset=\"https:\/\/www.bastianadvogados.com.br\/bas\/wp-content\/uploads\/2024\/03\/GrupoByte_BASTIAN_FEV24-172-FRANCISCO-edit-800x1200.jpg 800w, https:\/\/www.bastianadvogados.com.br\/bas\/wp-content\/uploads\/2024\/03\/GrupoByte_BASTIAN_FEV24-172-FRANCISCO-edit-333x500.jpg 333w, https:\/\/www.bastianadvogados.com.br\/bas\/wp-content\/uploads\/2024\/03\/GrupoByte_BASTIAN_FEV24-172-FRANCISCO-edit-200x300.jpg 200w, https:\/\/www.bastianadvogados.com.br\/bas\/wp-content\/uploads\/2024\/03\/GrupoByte_BASTIAN_FEV24-172-FRANCISCO-edit-768x1152.jpg 768w, https:\/\/www.bastianadvogados.com.br\/bas\/wp-content\/uploads\/2024\/03\/GrupoByte_BASTIAN_FEV24-172-FRANCISCO-edit.jpg 1000w\" sizes=\"(max-width: 800px) 100vw, 800px\" \/>\t\t\t\t\t\t\t\t\t\t\t\t\t<\/div>\n\t\t\t\t<\/div>\n\t\t\t\t\t<\/div>\n\t\t<\/div>\n\t\t\t\t<div class=\"elementor-column elementor-col-50 elementor-top-column elementor-element elementor-element-6e107733\" data-id=\"6e107733\" data-element_type=\"column\">\n\t\t\t<div class=\"elementor-widget-wrap elementor-element-populated\">\n\t\t\t\t\t\t<div class=\"elementor-element elementor-element-7433e090 elementor-widget elementor-widget-heading\" data-id=\"7433e090\" data-element_type=\"widget\" data-widget_type=\"heading.default\">\n\t\t\t\t<div class=\"elementor-widget-container\">\n\t\t\t<h2 class=\"elementor-heading-title elementor-size-default\">Francisco Kaschny Bastian <\/h2>\t\t<\/div>\n\t\t\t\t<\/div>\n\t\t\t\t<div class=\"elementor-element elementor-element-422ec7e5 elementor-widget elementor-widget-text-editor\" data-id=\"422ec7e5\" data-element_type=\"widget\" data-widget_type=\"text-editor.default\">\n\t\t\t\t<div class=\"elementor-widget-container\">\n\t\t\t\t\t\t\t<p>Graduado em Direito pela Pontif\u00edcia Universidade Cat\u00f3lica de S\u00e3o Paulo &#8211; PUC\/SP, Francisco \u00e9 tamb\u00e9m um dos s\u00f3cios fundadores do Bastian Advogados. Com LL.M. em Direito dos Contratos pelo Instituto de Ensino e Pesquisa &#8211; INSPER, Francisco \u00e9 reconhecido por sua ampla experi\u00eancia em direito processual civil, contratual, do consumidor, digital e administrativo. Francisco tem se destacado na defesa dos interesses de empresas nacionais e multinacionais em causas envolvendo direitos individuais e coletivos. Sua especializa\u00e7\u00e3o em em direito contratual o capacita a assessorar empresas de m\u00e9dio e grande porte em solu\u00e7\u00f5es consultivas e contenciosas relacionadas a diversos tipos de produtos e servi\u00e7os. Francisco \u00e9 reconhecido como um dos advogados mais admirados do Brasil em direito do consumidor pela An\u00e1lise Advocacia.<\/p>\t\t\t\t\t\t<\/div>\n\t\t\t\t<\/div>\n\t\t\t\t<div class=\"elementor-element elementor-element-64e9ef00 elementor-view-default elementor-widget elementor-widget-icon\" data-id=\"64e9ef00\" data-element_type=\"widget\" data-widget_type=\"icon.default\">\n\t\t\t\t<div class=\"elementor-widget-container\">\n\t\t\t\t\t<div class=\"elementor-icon-wrapper\">\n\t\t\t<a class=\"elementor-icon\" href=\"https:\/\/www.bastianadvogados.com.br\/bas\/inicio-2\/#socios\">\n\t\t\t<i aria-hidden=\"true\" class=\"fas fa-arrow-left\"><\/i>\t\t\t<\/a>\n\t\t<\/div>\n\t\t\t\t<\/div>\n\t\t\t\t<\/div>\n\t\t\t\t\t<\/div>\n\t\t<\/div>\n\t\t\t\t\t<\/div>\n\t\t<\/section>\n\t\t\t\t<\/div>\n\t\t","protected":false},"excerpt":{"rendered":"<p>Francisco Kaschny Bastian Graduado em Direito pela Pontif\u00edcia Universidade Cat\u00f3lica de S\u00e3o Paulo &#8211; PUC\/SP, Francisco \u00e9 tamb\u00e9m um dos s\u00f3cios fundadores do Bastian Advogados. Com LL.M. em Direito dos Contratos pelo Instituto de Ensino e Pesquisa &#8211; INSPER, Francisco \u00e9 reconhecido por sua ampla experi\u00eancia em direito processual civil, contratual, do consumidor, digital e [&hellip;]<\/p>\n","protected":false},"author":2,"featured_media":0,"parent":0,"menu_order":0,"comment_status":"closed","ping_status":"closed","template":"elementor_header_footer","meta":{"footnotes":""},"class_list":["post-3587","page","type-page","status-publish","hentry"],"_links":{"self":[{"href":"https:\/\/www.bastianadvogados.com.br\/bas\/wp-json\/wp\/v2\/pages\/3587","targetHints":{"allow":["GET"]}}],"collection":[{"href":"https:\/\/www.bastianadvogados.com.br\/bas\/wp-json\/wp\/v2\/pages"}],"about":[{"href":"https:\/\/www.bastianadvogados.com.br\/bas\/wp-json\/wp\/v2\/types\/page"}],"author":[{"embeddable":true,"href":"https:\/\/www.bastianadvogados.com.br\/bas\/wp-json\/wp\/v2\/users\/2"}],"replies":[{"embeddable":true,"href":"https:\/\/www.bastianadvogados.com.br\/bas\/wp-json\/wp\/v2\/comments?post=3587"}],"version-history":[{"count":8,"href":"https:\/\/www.bastianadvogados.com.br\/bas\/wp-json\/wp\/v2\/pages\/3587\/revisions"}],"predecessor-version":[{"id":3635,"href":"https:\/\/www.bastianadvogados.com.br\/bas\/wp-json\/wp\/v2\/pages\/3587\/revisions\/3635"}],"wp:attachment":[{"href":"https:\/\/www.bastianadvogados.com.br\/bas\/wp-json\/wp\/v2\/media?parent=3587"}],"curies":[{"name":"wp","href":"https:\/\/api.w.org\/{rel}","templated":true}]}}